ose 11 = 3*s - 16. What is the units digit of s?
9
Let p = -7 + 11. Suppose -5*l - 3 - 2 = -2*w, 0 = -p*w - 3*l - 29. Let s = 12 + w. What is the units digit of s?
7
Let p(l) = l**2 - 6*l - 10. Let t be 18/2 - (-1 - -2). What is the units digit of p(t)?
6
Suppose -5*d = -64 - 11. What is the units digit of d?
5
Let a(h) = -h + 3. Let j be ((-1)/3)/(5/15). What is the units digit of a(j)?
4
Let m(a) = -11*a**3 + a**2 - a - 1. Let j(w) = -w + 6. Let r be j(7). What is the units digit of m(r)?
2
What is the units digit of (3 + -5 - -4)*2?
4
Suppose -2*t + 35 = g, t - 130 = -3*g - 0*t. What is the tens digit of g?
4
Let s be 1/2 + (-174)/(-4). Let t = -7 + 11. Suppose -t*w = 4*o - s, 0*w - 2*o = w - 16. What is the units digit of w?
6
Let y = 142 - 124. What is the tens digit of y?
1
Suppose 5*p - p - 12 = 0. Suppose p*b + b - 8 = 4*m, -4*b = m - 23. What is the units digit of m?
3
Let u = 68 - 46. Let k(r) = r**2 - 2*r. Let n be k(-5). Let l = n - u. What is the tens digit of l?
1
Suppose -9*v + 44 = -7*v. What is the tens digit of v?
2
Let z be (-8)/(-6)*(-54)/(-4). Let n be (-4)/(-6)*234/(-12). Let v = z + n. What is the units digit of v?
5
Let g be (1/3)/(18/108). Suppose 4*h + u = 159, 5*u = g*h + u - 84. What is the units digit of h?
0
Let j be (6/(-8))/((-4)/16). Suppose o - j = 4. What is the units digit of o?
7
Let q be (-1)/((-2)/42) - -2. Suppose 0 = -i - q + 2. What is the units digit of 28/i*(-6)/4?
2
Let x be 2/6 + (-92)/(-3). Suppose -5*t - q + 35 = -18, -3*t - q = -x. What is the tens digit of t?
1
Let t(o) = -2*o + 6. Let z be t(4). Let g be 183/12 - z/(-8). What is the units digit of (9/g)/((-1)/(-5))?
3
Suppose 4*k + 3*r - 204 = 0, 2*r = k + 6*r - 64. What is the units digit of k?
8
Let f = 237 + 74. What is the units digit of f?
1
Let m(p) be the third derivative of -p**4/8 + p**2. What is the units digit of m(-5)?
5
Let j(b) be the first derivative of -b**4/4 - 7*b**3/3 + 3*b**2/2 - 9*b - 4. Let v be j(-8). Let w = v - 19. What is the tens digit of w?
1
Suppose -5*a = q - 86, -2*a + q = -36 - 4. What is the units digit of a?
8
Suppose 1017 = 9*j - 270. What is the tens digit of j?
4
Suppose 5*s - 3 = 4*p - 0*p, -3*s = -3*p. Let u = p + 26. What is the tens digit of u?
2
Let t(f) = -f**3 + 11*f**2 - 10*f + 2. What is the units digit of t(10)?
2
Let u(l) = 8*l**2 - 4*l - 2. What is the units digit of u(-3)?
2
Let z(j) = -j**2 + 24*j - 20. What is the units digit of z(18)?
8
Let k = 24 - 5. Let b = k - 17. What is the units digit of b?
2
Let w(p) = p**2 + p - 2. Let j be w(-4). Suppose 3*a - 20 = j. Suppose -3*t + a = -26. What is the tens digit of t?
1
Let k(i) = 10*i**2 + 2*i + 1. Suppose u + 19 = 2*g, -39 = -2*g + 2*u + 3*u. Let m(d) = -d**3 + 8*d**2 - 8*d + 6. Let x be m(g). What is the units digit of k(x)?
9
Let r = 3 + 1. Let g = 12 - r. What is the units digit of g?
8
Let f be (-2)/4*(1 - 11). Suppose 2*h - f = -1. What is the units digit of h?
2
Let v = 8 - 6. Let o = v + 4. Let g = o + -3. What is the units digit of g?
3
Let v be (-40)/(-25) + 4/10. Suppose g - 5 = -4*o + 22, -104 = -v*g + 2*o. What is the tens digit of g?
4
Let m = -49 - -113. What is the tens digit of m?
6
Let k be -2 + 120/4 + -1. Suppose -76 = -4*l - 4*b, 0 = -4*l - b + k + 40. What is the units digit of l?
6
Let u = 1 - -3. Suppose 4 = -2*i - u. What is the units digit of ((-3)/i)/(2/8)?
3
Let o(s) = -s**2 + 10*s - 3. What is the tens digit of o(8)?
1
Let k(t) = -7*t**3 - 1. Let j be k(-1). Suppose 40 = -2*h + j*h. What is the tens digit of h?
1
Let x = 165 + -58. What is the hundreds digit of x?
1
What is the tens digit of 6/8 - (-1578)/8?
9
What is the tens digit of 302/8*(-4 - 56/(-7))?
5
Suppose 4*d - 21 = n, -5*d - n + 3 = -12. Suppose 85 = 6*h - h. Suppose 0 = -d*t - h + 53. What is the units digit of t?
9
Suppose 0 = -a + 2*l + 1, 3*a + 2*l = -0*l + 27. Suppose 4*i - a*i = -27. What is the units digit of i?
9
Suppose 0 = -3*g + 2*u + 26, -u = 3*u + 16. What is the units digit of 1 - g*(-5)/2?
6
Suppose 4*w - 8 = 4*b, 7*w - 3*b - 14 = 2*w. What is the units digit of w?
4
Let q be (6 + -7)*7*-1. Suppose -p + 3*p = o + 6, -p - q = -3*o. What is the units digit of p?
5
Let h(t) = 3*t**3 + 19*t**2 - 4*t**3 - 10*t**3 + 1 + 9*t. Let i(n) = -5*n**3 + 9*n**2 + 4*n. Let k(s) = 4*h(s) - 9*i(s). What is the units digit of k(5)?
4
Suppose 2*f = f - 4. Let z = f + 9. Suppose -s = -z*s + 64. What is the units digit of s?
6
Let h(y) = -y**2 - 11*y - 9. Let m = 6 + -16. What is the units digit of h(m)?
1
Let y(p) = -3*p**3 - 3*p**2 + 2*p - 3. Let z be y(-4). Suppose -5*n + 342 = 3*o + 114, 2*o = 3*n - z. What is the units digit of n?
5
Let t(c) = -c**3 - 6*c**2 + 7*c - 8. Let x be t(-7). Let r = 13 + x. What is the units digit of r?
5
Let d(f) = -f**3 - 4*f**2 + 4*f + 5. Let h be d(-5). Suppose 5*w - 5 = h. What is the units digit of w?
3
Suppose -2*g - 3*g - 5 = 0, 4*p + g = 159. Suppose 5*v - 3*v + 49 = 5*b, -2*v = -4*b + p. What is the units digit of 1*21*3/b?
7
Let a = 751 - 392. What is the units digit of a?
9
Let m(t) = 19*t - 57. What is the hundreds digit of m(14)?
2
Suppose 0 = -8*z + 393 + 623. What is the units digit of z?
7
Let g be ((-2)/(-5))/(2/20). Suppose -5*d - 2*r + 16 + 6 = 0, 32 = g*d - 2*r. What is the units digit of d?
6
Suppose 0 = -4*v - 83 + 251. What is the tens digit of v?
4
Suppose 19 + 331 = 5*c. What is the units digit of c?
0
Suppose 3*x - 4*c - 165 - 90 = 0, 0 = 5*c - 15. What is the tens digit of x?
8
Suppose -5*u + 13 = -62. Suppose 3*l - 48 = u. Suppose 0 = -3*y + 15, 4*m = -3*y + l + 2. What is the units digit of m?
2
What is the units digit of (-5 + (-146 - -7))/(-1 - 0)?
4
Let p(k) = -k + 10. Let q be p(8). Let u = 5 - q. Suppose 0 = 5*j + 2*z - 27, -4*j + 7 = -u*z - 10. What is the units digit of j?
5
Let d(o) = -o**3 + 2*o**2 + 5*o - 2. Let c(x) = 2*x**2 - 1. Let g be c(2). Let t = g - 4. What is the units digit of d(t)?
4
Let i be (-63)/(-6) + 2/(-4). Let v = i + -7. Suppose v*f + 12 - 48 = 0. What is the tens digit of f?
1
Suppose 4 = 2*t - v, 6 = t + 2*t - 4*v. Suppose -t*s = 4*a - 16, 6 = 3*a - 5*s - 19. What is the units digit of a?
5
Let l(u) = -3*u - 1. Let f be l(-2). Suppose 2*h = 3*j - 26, 0 = h + 2 - 1. Suppose -f*w - j = -83. What is the units digit of w?
5
Let q be 1*3 - (-3)/3. Suppose 5*v = -5*n - 5, -4*v - 7*n = -q*n + 5. Let t = 3 + v. What is the units digit of t?
1
Let i(d) = d**3 + 3*d**2 - 3*d - 5. What is the units digit of i(-3)?
4
Let a be (-2)/8 - (-46)/(-8). Let m = 9 + a. Let r = m - -4. What is the units digit of r?
7
Suppose -r = -3*m - 10 - 4, 5*r - m = 0. Let d = r - -8. What is the units digit of d?
7
Let n(o) = -4*o**3 + 6*o + 5*o**3 + 6*o**2 - 2*o**3. What is the units digit of n(5)?
5
Suppose -a + 0 - 6 = r, 10 = -a + r. Let u(p) = -p**2 - 8*p - 6. Let c be u(a). Let s = -2 - c. What is the units digit of s?
4
Let y(k) = -k**2 + 10*k + 8. Let t be y(8). Let c = 38 - t. Suppose -5*h = 4*s - 3*h - c, 0 = 4*h - 4. What is the units digit of s?
3
Let c = 240 + -13. What is the units digit of c?
7
Let s = 84 - 24. Suppose 2*b = -b + s. Suppose -t = 3*t + 4, -4*p + b = 4*t. What is the units digit of p?
6
Let o(r) = -r - 7. Let d be o(0). Let y(i) = -i**3 - 7*i**2 - 6*i - 9. What is the tens digit of y(d)?
3
Suppose 0 = -2*p + 5*p - 186. What is the units digit of p?
2
Let r(b) = 53*b**3 + b**2 - b + 1. What is the units digit of r(1)?
4
Let l(x) = 6*x**3 + x**2 - x. Let r be l(1). What is the tens digit of (-4)/r + (-232)/(-6)?
3
Suppose -5*m = m - 60. What is the tens digit of m?
1
Let p be (-2)/(-4) + (-1)/2. Suppose o + 11 - 2 = p. Let w = o - -21. What is the units digit of w?
2
Suppose -4*h - 24 = -2*p, -4*h = p + 3*p - 84. What is the tens digit of p?
1
Let u = -167 + 462. What is the hundreds digit of u?
2
Let l = 12 + -4. Let o = l - 5. What is the units digit of o?
3
Suppose -4 = v - 3*f + 4, -2*v + 11 = 3*f. What is the units digit of (v + 5)*(-6)/(-3)?
2
Let g(y) = 3*y + 13. What is the units digit of g(8)?
7
Suppose 71 = -3*h + 5*r, -2*h + 4*r - 44 = -r. Let k be 9/h + 74/6. Suppose -3*b = 3*u - k, 9*u - 8 = 4*u - b. What is the units digit of u?
1
Let h(y) be the first derivative of 3*y**2 - 16*y + 3. What is the units digit of h(7)?
6
Let s(u) = u**2 + 3*u. Let j be s(-3